factor of k?
False
Is 8 a factor of (-169)/(1/(-4) - 0)?
False
Let x(n) = n**2 + 2*n + 36. Suppose 3*c - y + 4 = 0, c - 4*y = 6 - 22. Is 15 a factor of x(c)?
False
Does 71 divide (-5 - -1)*1 - 4176/(-16)?
False
Suppose 3*z - 4 = 8. Suppose 911 = z*h - 5*t - 326, 0 = h + 4*t - 283. Is h a multiple of 10?
False
Let f = 144 - 67. Let g = 24 + f. Is g a multiple of 26?
False
Suppose -4*y + 4*g + 2928 = 0, -5*g + 81 - 2273 = -3*y. Is y a multiple of 15?
False
Suppose 6*r = 2*r. Suppose r = 3*q + 4 - 10. Suppose 0 = -u - q, -u - 3*u - 17 = -g. Is 4 a factor of g?
False
Suppose c - 98 - 26 = 0. Let v = -86 + c. Is 11 a factor of v?
False
Let g be 555/(-10)*((-20)/6 - -2). Suppose 2*k - 5*a = g, -5*k - 3*a = -k - 122. Is k a multiple of 4?
True
Let z(b) = b**3 + 5*b**2 - 9*b - 15. Let q be z(-6). Let d be (-5 - -8)*(-1)/q. Is 12 a factor of 26 + 0 - (4 + d)?
False
Let c(o) = -3*o + 1. Suppose -2*t + 4 = 2. Let s be c(t). Is 4 a factor of 1*s + (-80)/(-8)?
True
Let u be 1*(-2)/2*7. Let s(c) = c**2 - 7*c + 24. Let p be s(4). Let y = p + u. Does 5 divide y?
True
Let l(h) = h**3 - 16*h**2 + 5*h. Is 8 a factor of l(16)?
True
Let a = -288 - -703. Suppose -4*t = -a + 127. Is t a multiple of 12?
True
Suppose 0 = 2*w, 5*x + 5*w - 10 = 3*w. Suppose -x*u = -62 + 12. Is 4 a factor of u?
False
Suppose 3*y + 2 = y. Let m(s) be the second derivative of -5*s**5/4 - s**4/12 + s**3/6 + s**2/2 - 10*s. Does 19 divide m(y)?
False
Let l(r) = 2*r + 4. Let m(c) = -c. Let g(k) = l(k) + 3*m(k). Let a be g(0). Suppose 4*j - a*u - 100 = 0, -3*u - 71 + 25 = -2*j. Does 13 divide j?
False
Let r(x) = 11*x**2 - 30*x + 98. Is 72 a factor of r(13)?
False
Let p = -5165 - -8523. Is p a multiple of 46?
True
Suppose -2931 = -3*o - p + 1705, 2*p + 7723 = 5*o. Is 15 a factor of o?
True
Let g(m) = -m**3 + 6*m**2 - 4*m - 1. Let u be g(5). Suppose -4*b + u + 27 = -5*r, 0 = -2*r - 6. Suppose 161 + 3 = b*d. Does 13 divide d?
False
Suppose -o - 3 = k, -3*o - 2*o + 5*k + 35 = 0. Suppose -2*w + 2 = 4*p, 4*w - o*p + 17 = -9. Is (-5 - (w + 3)) + 87 a multiple of 28?
True
Suppose 0 = -3*w + 15, -3*c + w + 2837 = 2*w. Does 8 divide c?
True
Let o = -21 - -18. Is -3 + 4*(-6)/o a multiple of 5?
True
Let w be (1/4 + -1)*-4. Suppose -7*k = 6*k + 4*k. Suppose k = w*i - 169 - 38. Is 7 a factor of i?
False
Let w be (0 - -1)/((-5)/(-330)). Let l be (3 + 2 + -4)*-46. Let j = l + w. Is j a multiple of 5?
True
Let v be (-5)/(-2) + 1/(-2). Let x = 38 + -2. Suppose -j - v*j + x = 0. Is 4 a factor of j?
True
Let m(z) = -z**2 - 38*z - 1. Is m(-37) a multiple of 2?
True
Let s(x) = -7*x - 2. Let z be s(-2). Let w = 6 - z. Let j(f) = -2*f - 6. Is 6 a factor of j(w)?
True
Let j(f) = -723*f + 242. Is 20 a factor of j(-6)?
True
Does 2 divide (18*22/(-165))/((-4)/30)?
True
Let y(d) = 11*d**3 - 2*d**2. Does 50 divide y(3)?
False
Suppose t + 4*f = 3*t - 244, 0 = -2*t + f + 238. Suppose 2*a - 52 = t. Does 17 divide a?
True
Suppose 0 = 3*a - 5*a + 16. Suppose a*x = 661 + 195. Is 15 a factor of x?
False
Let k(n) = 0*n - 6*n + 0*n**2 - 2 + 8*n**2. Let d be k(6). Is 5 a factor of (8/10)/(20/d)?
True
Let n(j) = -67*j + 34. Does 4 divide n(-2)?
True
Let b(z) = -5*z - 16. Let m be b(-11). Let f = m - 11. Suppose -f = -x + 2*q, 2*q = -2*x + 4*x - 46. Is 9 a factor of x?
True
Is 2 a factor of ((-4)/(-6) - 1)*(-3366)/22?
False
Suppose r + 55 = -5*d + 5*r, 0 = d + 5*r + 40. Let x = -16 - d. Is 9*(-1)/x + -1 a multiple of 8?
True
Is 6 a factor of (55 - (1 + 6))*7?
True
Let v(h) = 4*h**2 + 51*h - 68. Let g(r) = r**2 + 13*r - 17. Let w(i) = -9*g(i) + 2*v(i). Is 6 a factor of w(-13)?
False
Let v(p) = p**2 + 10*p + 8. Let u(m) = -m**3 - 2*m**2 - m + 1. Let g be u(-3). Let q = -23 + g. Is v(q) a multiple of 4?
True
Suppose 0*n + 5*n - y = -3, -2*n - 5*y = -15. Suppose 3*j + 21 = -n*j - 2*q, -22 = 5*j - q. Is (-96)/(-15)*j/(-2) a multiple of 8?
True
Suppose -4*r + 5*s = -456, -3*r + 3*s = -229 - 113. Suppose r = 10*y - 8*y. Is y a multiple of 13?
False
Let a(j) = -j + 3*j - 1 - j**2 + j + 6*j. Does 13 divide a(6)?
False
Suppose 2*g + 184 = a, -a - 16*g + 189 = -13*g. Is 37 a factor of a?
False
Let u = 91 - 6. Suppose 2*x = -5 + u. Does 6 divide x?
False
Let q = 1590 + 882. Is 24 a factor of q?
True
Suppose -38 + 218 = 3*p. Does 15 divide p?
True
Let f = 684 + 348. Is 17 a factor of f?
False
Let s = 335 - 231. Let u = s - -65. Is 13 a factor of u?
True
Let l be 2/6 - 4/(-6). Suppose 0 = i - 3*a + l - 26, 32 = i + 4*a. Is i a multiple of 7?
True
Let r(m) = m + 2. Let n be r(14). Let l = 97 - n. Does 10 divide l?
False
Let a(y) = -2*y - 4. Let u be a(-3). Suppose u*i - 26 = 28. Is i a multiple of 5?
False
Suppose -5*d + 26 = -4*l, 7 = 2*d - 3*l - 2*l. Suppose -2*v = v - d. Suppose v*q - 14 - 28 = 0. Is 7 a factor of q?
True
Let q(u) be the second derivative of u**5/20 - 2*u**4/3 + 5*u**3/6 - u**2 + 20*u. Does 20 divide q(8)?
False
Let z(b) be the first derivative of 2*b**3/3 - 7*b**2 - 26*b + 29. Does 17 divide z(14)?
True
Suppose -5*x + 95 = 4*v - 70, 3*x - 126 = -3*v. Suppose -41*a = -v*a + 12. Is 16 - (a - 4)*-3 a multiple of 13?
True
Let f(v) = -699*v**3 + 2*v**2 - 7*v - 8. Does 28 divide f(-1)?
True
Let y(d) = 34*d**2 + 9*d + 70. Does 18 divide y(-5)?
False
Let i be (-19)/4 + (-8)/32. Let x(z) = -z**2 - 7*z - 5. Let h be x(i). Suppose u - 1 = h. Is u a multiple of 3?
True
Suppose -840 = -26*y + 11*y. Does 5 divide y?
False
Let z(g) = -g**3 - 4*g**2 + g**3 + g**3 + 11*g**2 - 1 - g. Is 24 a factor of z(-5)?
False
Let l(f) = 17 - 4*f**2 + 6*f**2 - 4*f**2 - 5*f + 3*f**2. Is l(13) a multiple of 11?
True
Let a(v) = 2*v - 16. Let u(j) = 19*j - 22*j + 10 + 22. Let x(l) = 5*a(l) + 3*u(l). Is x(0) a multiple of 8?
True
Suppose -5*u + 10 = -0*u. Suppose 2*n - 3*a + 3 = 0, -3*n = u*n + 2*a - 21. Suppose -5*m + 51 = -g - n*g, -39 = -5*m + g. Does 7 divide m?
True
Suppose 11*u - 10*u - 2 = 0. Let a = u + 9. Is 2 a factor of a?
False
Let j(d) be the first derivative of 6*d**2 - 32*d - 41. Is 8 a factor of j(6)?
True
Let l be 75/(-2)*-2*1. Suppose -3*q + 9*q + 162 = 0. Let n = l + q. Is n a multiple of 13?
False
Let d(t) be the third derivative of t**4/8 - 5*t**3/6 + 5*t**2. Let i be d(5). Suppose 2*b = -i, 5*b = -4*p + 105 - 38. Does 7 divide p?
False
Suppose o - 639 = 3*n, 3*o + n = 552 + 1385. Suppose 4*c - 516 = -2*p, -5*c - 3*p + o = p. Is 32 a factor of c?
False
Let t(q) = 9*q - 22. Let d be t(3). Suppose d*a + 270 = 10*a. Is 9 a factor of a?
True
Suppose -135 - 41 = 4*z. Let j = z - -193. Is 26 a factor of j?
False
Let c(a) = 41*a**2 - 10*a - 53. Is 15 a factor of c(-7)?
False
Let z = 14 - 2. Let f be (z/14)/(4/84). Suppose -2*m = -7*m + i + 89, -4*i + f = 2*m. Is m a multiple of 7?
False
Let d(p) = -p**3 + 10*p**2 - 17*p + 8. Let n be d(8). Suppose -10*i - i + 3388 = n. Does 48 divide i?
False
Suppose 4*g - 216 - 488 = 0. Suppose -2*p + g = -242. Does 11 divide p?
True
Let t(r) = r**3 - 14*r**2 - 13*r - 15. Let m = -2 - -17. Is t(m) a multiple of 15?
True
Let g(p) = 4*p**3 + 5*p**2 - p - 3. Let z(k) = -k**3 - k**2 - k + 1. Let y(n) = g(n) + 2*z(n). Is y(2) a multiple of 21?
True
Let m(k) = -63*k - 1. Let l = 2 - -2. Let y = 3 - l. Does 17 divide m(y)?
False
Suppose -3*g = -52 + 16. Let y be g/(-7)*21/(-6). Suppose -y*w + 22 = -5*w. Is w a multiple of 12?
False
Let b = 1855 + -937. Is b a multiple of 27?
True
Let q(d) = -2*d - 8. Let r be q(7). Is 8 a factor of (r - -6)*3/(-6)?
True
Let h(r) = -2*r - 18. Let t be h(-14). Suppose -123 = -3*i - 3*m, 4*m + 51 = i + t. Let j = i + -27. Does 4 divide j?
False
Suppose 64 - 24 = -2*m. Does 11 divide (-8)/m + (263/5 - -2)?
True
Suppose 5*w - 6*f + 5*f = 2904, -2900 = -5*w + 5*f. Does 55 divide w?
False
Let s = 3433 - 1948. Is s a multiple of 55?
True
Let g be (-4)/8*-4 - -196. Suppose 3*i - 3*m - g = 2*i, -i = -5*m - 188. Suppose 4*u - i = 7. Is u a multiple of 19?
False
Suppose -2*p = o - 94, 2*o - 5*p - 127 - 16 = 0. Does 6 divide o?
True
Let v = 1597 - 931. Is 37 a factor of v?
True
Let j = 1723 - 1483. Is j a multiple of 6?
True
Suppose 4*u = 11 + 1. Let o = u + -1. Suppose 0 = h + l + o*l - 25, 1 = l. Is h a multiple of 11?
True
Let c = 17 + -15. Suppose 0 = -4*a + 3*l + 321, -3*a = c*a + 3*l - 408. Is a a multiple of 9?
True
Suppose -44*q = 25*q - 160632. Is 97 a factor of q?
True
Suppose -2*o = -120